 divide 61722?
True
Is 22 a factor of 8811?
False
Does 7 divide 72830?
False
Is 6789184 a multiple of 8?
True
Does 65 divide 12548055?
True
Is 542742 a multiple of 14?
False
Is 123 a factor of 2913132?
True
Is 6 a factor of 206904?
True
Is 11 a factor of 545600?
True
Is 102 a factor of 132192?
True
Does 236 divide 2082464?
True
Is 456482 a multiple of 97?
True
Is 18 a factor of 4315068?
True
Is 3 a factor of 580871?
False
Does 172 divide 8524080?
False
Does 33 divide 42702?
True
Is 52220 a multiple of 128?
False
Is 2083059 a multiple of 33?
True
Does 13 divide 439140?
True
Is 115534 a multiple of 53?
False
Is 101 a factor of 1566207?
True
Is 36 a factor of 19496?
False
Is 528512 a multiple of 11?
False
Is 90139 a multiple of 7?
True
Is 352 a factor of 73568?
True
Is 2217334 a multiple of 251?
True
Is 40 a factor of 13800?
True
Does 3 divide 3195091?
False
Does 2 divide 777749?
False
Is 57 a factor of 4456617?
False
Is 22 a factor of 42372?
True
Does 408 divide 281112?
True
Is 526 a factor of 4688033?
False
Does 35 divide 5904815?
True
Is 16 a factor of 220384?
True
Does 8 divide 813699?
False
Is 467384 a multiple of 7?
False
Does 299 divide 84617?
True
Does 12 divide 229308?
True
Does 3 divide 4209?
True
Is 1084063 a multiple of 37?
True
Is 113 a factor of 2212598?
False
Does 284 divide 582426?
False
Is 627 a factor of 4445430?
True
Is 167 a factor of 29789961?
True
Does 2 divide 214?
True
Is 1275240 a multiple of 15?
True
Is 92 a factor of 7612763?
False
Is 211370 a multiple of 230?
True
Is 290754 a multiple of 18?
True
Is 3099694 a multiple of 26?
True
Does 539 divide 732137?
False
Is 6411816 a multiple of 86?
True
Is 139 a factor of 82132?
False
Does 7 divide 2383920?
True
Is 71 a factor of 866981?
True
Is 68 a factor of 78948?
True
Is 213840 a multiple of 16?
True
Is 6365 a multiple of 6?
False
Is 24192 a multiple of 108?
True
Is 243108 a multiple of 18?
True
Does 108 divide 250776?
True
Does 313 divide 7804582?
False
Is 7 a factor of 22111?
False
Is 76 a factor of 286520?
True
Does 231 divide 1924692?
True
Does 402 divide 1029116?
False
Is 3 a factor of 43581?
True
Is 192225 a multiple of 71?
False
Does 157 divide 108801?
True
Does 208 divide 3233506?
False
Is 7 a factor of 127208?
False
Is 6140624 a multiple of 16?
True
Is 510136 a multiple of 374?
True
Is 311796 a multiple of 12?
True
Is 5864144 a multiple of 208?
True
Is 684289 a multiple of 362?
False
Does 12 divide 2214276?
True
Is 33480 a multiple of 20?
True
Is 6979233 a multiple of 687?
True
Is 12 a factor of 274643?
False
Is 33 a factor of 8842185?
True
Is 9714743 a multiple of 167?
False
Is 83 a factor of 1577?
True
Is 101844 a multiple of 46?
True
Is 128 a factor of 121728?
True
Is 1115518 a multiple of 80?
False
Does 19 divide 3030690?
True
Is 38 a factor of 5155726?
True
Is 349096 a multiple of 11?
True
Does 36 divide 34929?
False
Is 125 a factor of 973619?
False
Does 495 divide 1213114?
False
Is 8 a factor of 165712?
True
Does 15 divide 7666110?
True
Is 34 a factor of 18373872?
True
Is 2372683 a multiple of 25?
False
Is 26 a factor of 72553?
False
Does 4 divide 65777?
False
Is 33 a factor of 418374?
True
Is 32 a factor of 215153?
False
Is 168 a factor of 2820552?
True
Is 30020 a multiple of 19?
True
Does 8 divide 9386176?
True
Is 10 a factor of 293016?
False
Does 172 divide 70078?
False
Is 159970 a multiple of 5?
True
Is 12 a factor of 12456?
True
Is 19 a factor of 2645522?
True
Is 23 a factor of 714058?
True
Is 25 a factor of 13310275?
True
Is 3 a factor of 14028?
True
Does 1186 divide 11986902?
True
Is 107 a factor of 143059?
True
Is 294 a factor of 227471?
False
Is 15 a factor of 3694010?
False
Is 15 a factor of 2392860?
True
Does 20 divide 235784?
False
Does 5 divide 2683355?
True
Does 7 divide 1366?
False
Does 4 divide 80451?
False
Is 138 a factor of 506244?
False
Is 75649 a multiple of 2?
False
Does 3 divide 9147?
True
Is 9 a factor of 99396?
True
Does 19 divide 72941?
True
Does 128 divide 6452934?
False
Is 299808 a multiple of 27?
True
Is 29955360 a multiple of 48?
True
Does 490 divide 3291067?
False
Is 3 a factor of 44361?
True
Is 586290 a multiple of 30?
True
Is 261 a factor of 276286?
False
Is 1578444 a multiple of 57?
True
Is 362 a factor of 24565320?
True
Does 75 divide 10350?
True
Is 77 a factor of 792946?
True
Is 201 a factor of 10653?
True
Does 27 divide 143424?
True
Is 132 a factor of 4221888?
True
Does 54 divide 22230652?
False
Is 2597793 a multiple of 33?
True
Does 35 divide 451850?
True
Is 454496 a multiple of 28?
True
Is 133 a factor of 228760?
True
Is 2 a factor of 55178?
True
Is 30 a factor of 1225470?
True
Is 1997451 a multiple of 128?
False
Is 17 a factor of 472400?
False
Is 13 a factor of 7995?
True
Is 140 a factor of 522428?
False
Is 227 a factor of 115997?
True
Does 4 divide 217934?
False
Is 8 a factor of 5683624?
True
Is 6497348 a multiple of 11?
True
Is 818069 a multiple of 228?
False
Does 173 divide 360186?
True
Is 1774710 a multiple of 567?
True
Does 47 divide 97334?
False
Does 51 divide 447926?
False
Does 4 divide 4707364?
True
Is 14 a factor of 2825?
False
Does 9 divide 1145243?
False
Is 627550 a multiple of 350?
True
Is 1117640 a multiple of 617?
False
Does 136 divide 124916?
False
Is 4233000 a multiple of 68?
True
Does 25 divide 22658?
False
Is 22 a factor of 388036?
True
Is 11 a factor of 12436974?
True
Does 1226 divide 3503106?
False
Is 24 a factor of 146328?
True
Is 67847 a multiple of 150?
False
Does 63 divide 6635034?
True
Is 973721 a multiple of 113?
True
Is 564460 a multiple of 334?
True
Is 954 a factor of 11717028?
True
Does 21 divide 254730?
True
Is 426398 a multiple of 133?
True
Is 508414 a multiple of 55?
False
Does 31 divide 6825828?
True
Is 284 a factor of 482800?
True
Is 52767 a multiple of 99?
True
Does 305 divide 9569259?
False
Is 828799 a multiple of 181?
True
Is 12 a factor of 265356?
True
Does 155 divide 192276?
False
Is 42 a factor of 87937?
False
Is 39930079 a multiple of 1406?
False
Is 111069 a multiple of 11?
False
Is 33 a factor of 2022174?
True
Is 11803670 a multiple of 698?
False
Does 10 divide 97505?
False
Is 113 a factor of 1171784?
False
Is 7 a factor of 1745723?
True
Is 18061552 a multiple of 2242?
True
Is 11082240 a multiple of 256?
True
Is 12 a factor of 170990?
False
Is 1140656 a multiple of 347?
False
Is 12576059 a multiple of 25?
False
Is 24 a factor of 54613?
False
Is 39110 a multiple of 4?
False
Is 339 a factor of 13489364?
False
Is 17693 a multiple of 505?
False
Is 71524 even?
True
Is 314 a factor of 2003948?
True
Is 606296 a multiple of 21?
False
Is 163 a factor of 2174011?
False
Does 292 divide 272436?
True
Is 40 a factor of 397920?
True
Is 30 a factor of 121571?
False
Is 1712452 a multiple of 196?
True
Is 336787 a multiple of 42?
False
Is 9 a factor of 280908?
True
Does 14 divide 3953?
False
Does 15 divide 69525?
True
Is 941724 a multiple of 303?
True
Does 464 divide 350046?
False
Does 6 divide 206928?
True
Is 25 a factor of 235291?
False
Is 263 a factor of 49181?
True
Does 32 divide 185351?
False
Is 6 a factor of 2461396?
False
Is 1996682 a multiple of 3?
False
Is 541506 a multiple of 74?
False
Is 4 a factor of 778314?
False
Is 149195 a multiple of 84?
False
Does 20 divide 703281?
False
Is 380 a factor of 4915680?
True
Is 1772337 a multiple of 12?
False
Is 7114753 a multiple of 420?
False
Does 18 divide 13914528?
False
Is 36016 a multiple of 61?
False
Is 93 a factor of 2494473?
False
Does 68 divide 8992920?
False
Is 3 a factor of 125859?
True
Is 10342 a multiple of 39?
False
Is 318915 a multiple of 7?
False
Does 316 divide 672442?
False
Is 35 a factor of 12638172?
False
Is 7240 a multiple of 4?
True
Does 60 divide 3528960?
True
Is 272 a factor of 741839?
False
Does 31 divide 1667366?
True
Is 589771 a multiple of 91?
True
Does 752 divide 423969?
False
Does 50 divide 283165?
False
Is 508650 a multiple of 54?
False
Does 40 divide 84880?
True
Does 208 divide 50249?
False
Does 13 divide 1366157?
True
Does 40 divide 7151880?
True
Does 1267 divide 1194611?
False
Is 15 a factor of 136821?
False
Is 22 a factor of 1069741?
False
Does 128 divide 5432377?
False
Does 21 divide 137508?
True
Is 525980 a multiple of 10?
True
Is 22 a factor of 95260?
True
Is 942 a factor of 2380434?
True
Is 382779 a multiple of